Let b be ((-216)/(-135))/(4/5). Suppose -b*m + 2080 = 5*y + 3*m, -1694 = -4*y + 2*m. List the prime factors of y.
421
Let j(q) = -9*q**2 + 13. Let u be j(-6). Let l = -189 - u. Let c = 104 + l. List the prime factors of c.
2, 113
Let u be ((-2198302)/9 - 6/27) + -1. List the prime factors of u/(-273) - 2/(-7).
5, 179
What are the prime factors of (-4)/18 + ((-106)/3)/((-33)/9097)?
2, 5, 487
Suppose -2*g = -3*c + 372, c + 580 = -2*g - g. Let h(w) = w**3 - 5*w**2 - 3*w + 1. Let m be h(5). What are the prime factors of 4/14 + g/m?
2, 7
Let c = 15659 - -18901. What are the prime factors of c?
2, 3, 5
Let k(l) = -4*l - 64. Let v = 118 - 126. Let m be k(v). List the prime factors of (-6)/8 - 5464/m.
2, 5, 17
Suppose -2*z = -6 - 0, 6 = 3*c + 2*z. Suppose 2*v = -c - 4, 6 = 2*d - v. List the prime factors of 81/d - 4/8.
2, 5
Suppose 0 = -3*l - 2*v + 48584, -92*l + 5*v = -93*l + 16212. List the prime factors of l.
2, 11, 23
Let m(h) = 304*h**2 - h - 3. Let r be m(-3). Suppose -r = 6*w - 9*w + t, 4*w = 4*t + 3656. List the prime factors of w.
911
Let t = 19013 - 11010. List the prime factors of t.
53, 151
Let v = -13978 - -22165. List the prime factors of v.
3, 2729
Let z(x) = 24*x**2 + 5*x + 55. What are the prime factors of z(-6)?
7, 127
Suppose -3*r - 15 = 3*f + 33, -3*f + 5*r = 16. Suppose 0 = -2*n - 8*n - 270. List the prime factors of 9/(n/f) + 18.
2, 11
Let u = -6909 + 11635. What are the prime factors of u?
2, 17, 139
Let h(g) = -g**3 + 2. Suppose -4*d - 70 = 2*y, 3*d + 74 = -2*y - 0*y. Let p = -46 - y. List the prime factors of h(p).
29
Suppose 0 = -13*q - 62*q + 516750. What are the prime factors of q?
2, 5, 13, 53
Suppose 2*d - 95129 = q - 2422, 3*q - 15 = 0. List the prime factors of d.
2, 3, 3863
Let i be (-2)/(-4) - 47/2. Let j be (i/(-4) - 1) + 21/84. Suppose -3*z + 91 = -q + j*q, 0 = 3*q - 4*z - 87. List the prime factors of q.
5
Let i be ((-6)/9)/(6/31194*-2). Let p = i - 947. What are the prime factors of p?
2, 3, 131
Let z = 504 + -414. Suppose -z*d + 79*d = -6974. What are the prime factors of d?
2, 317
Suppose w + 2*z + 1009 = -2*z, 4*w - 3*z = -4074. Let b = -679 - w. List the prime factors of b.
2, 13
Suppose -15*d + 12*d = -81. Let o = 63 - d. List the prime factors of o.
2, 3
Let g = 180 - -61. Suppose 532 = i - g. List the prime factors of i.
773
What are the prime factors of (0 - (-42)/4)*(2169 - 13 - 8)?
2, 3, 7, 179
Suppose -77*p = -20*p - 114. Suppose h = -p*v + 3554, v + 13*h - 1777 = 15*h. List the prime factors of v.
1777
Suppose 665 = -5*w - 2*o, 5*w + o - 253 + 913 = 0. Let h = -114 - w. List the prime factors of h.
17
Let l be 11/2*4/(-2). List the prime factors of 1/((l/(-44))/(271/4)).
271
Let m(f) = 1666*f**3 + f**2 - 4*f + 3. Suppose -11*h - 200 = -211. List the prime factors of m(h).
2, 7, 17
Let l(b) = b**3 - 7*b**2 + 8*b - 3. Let m be l(6). Let w be -4 + 2 + -4 + m. Suppose s - 41 = 5*y + 39, -w*s + 2*y = -227. What are the prime factors of s?
3, 5
Suppose -16398 = -3*b - 2*l, 0 = -12*b + 9*b + 3*l + 16398. What are the prime factors of b?
2, 3, 911
Let f = -5067 + 11837. List the prime factors of f.
2, 5, 677
Let y(z) = z**3 - 19*z**2 - z + 24. Let n be y(19). Let a(b) = -14*b + 15. Let o be a(n). Let x = o + 216. List the prime factors of x.
7, 23
Let u(z) = -z**3 + 11*z**2 - 11*z + 20. Suppose 19*k - 12 = 15*k. Let p be 4*5/4 + k. List the prime factors of u(p).
2, 31
Suppose -2*p - 1 = z - 9, -5*z + 20 = 0. Let l(w) = 15*w + 2*w**p - 40*w + 12*w - 11 + 15*w. List the prime factors of l(-5).
29
Let p(h) = h - 1. Let i(l) = 2*l**3 + 7*l**2 - 25*l - 13. Let j(z) = -i(z) - 2*p(z). List the prime factors of j(-7).
197
Let y = -27370 + 49124. What are the prime factors of y?
2, 73, 149
Suppose -3*q + 53 = -t + 13, -3*q = -2*t - 65. Let y = 182 - t. Let g = -116 + y. What are the prime factors of g?
7, 13
Let q = 20 + -14. Suppose -q*h = -7*h + 79. Suppose 4*t - h = -x, 2*x + 56 = -2*t + 244. List the prime factors of x.
3, 11
Let w(b) = -52*b**3 + 3*b**2 + 69*b + 305. List the prime factors of w(-5).
5, 1307
Let q be -3*((-4)/(-18) - 203/63). Let t be 840/(-135) - -2*1/q. What are the prime factors of 0/1 + t + (36 - 4)?
2, 13
Let c be (88 - 1)*(3 - 4). Let j = c - -144. Let s = j + -15. What are the prime factors of s?
2, 3, 7
Suppose -14 = -2*o - 5*r, 3*r + 4 = 4*r. List the prime factors of (-1640)/(-6) + 1/o.
3, 7, 13
Suppose 3*v = -j + 19, -2*v + 5*j - 29 = -6*v. Suppose 13 + 5 = v*p. Suppose 0 = p*b + b - 524. What are the prime factors of b?
131
Suppose 0 = -2*k - 2*k - 3*p + 110968, 0 = -2*p. What are the prime factors of k?
2, 11, 13, 97
Suppose v = m + 398, 0 = -m - m - 4*v - 796. Let b = m + 1592. List the prime factors of b.
2, 3, 199
Let i be (-8418)/(-10) + (-2)/(-10). Let v = i + 53. What are the prime factors of v?
5, 179
Suppose -5*o + 3*o + 3*o = 0. Suppose -4*j = -2*j + 2*n - 4, -n + 3 = o. Let r(k) = -58*k**3 - 2*k**2 - k + 1. List the prime factors of r(j).
2, 29
What are the prime factors of 2573835/266 - 3/42 - -3?
9679
Let b = -704 + 709. Let m be ((-1)/(-1))/((-1)/(-4)). Suppose w - 6*f - 27 = -b*f, 3*w - 95 = -m*f. What are the prime factors of w?
29
Suppose 5*c - 4*z = -8154, -c - z - 850 = 788. Let a = -1072 - c. What are the prime factors of a?
2, 281
Let l = 17 - 17. Suppose 6*m + 6636 - 1326 = l. List the prime factors of ((-10)/5)/(10/m).
3, 59
Let l(d) = 157*d + 4 - 89*d + 14. What are the prime factors of l(6)?
2, 3, 71
Suppose -5*t - 9 = -14, -3*i = -4*t + 7. List the prime factors of (11 + -10)/(0 - i/395).
5, 79
Let m = -5453 - -10570. List the prime factors of m.
7, 17, 43
Suppose u - 29 = -2*m, 6*m = 5*m - 3*u + 27. Suppose 0 = -m*q + 7*q + 190. Let n = q + 35. List the prime factors of n.
73
Let x = 37181 - 19152. What are the prime factors of x?
11, 149
Let s = 71 + -40. Suppose s + 27 = t. Suppose w + 4*v - t = 0, -3*v = -5*w + v + 194. What are the prime factors of w?
2, 3, 7
Let w be 49/(-7) - 119985/3. List the prime factors of 10/(-60) - w/36.
11, 101
Let d(b) = -9*b**2 - 514*b - 10. List the prime factors of d(-42).
2, 2851
Let v be (-198)/11 - (-1 + 4). Let b = 149 + v. Suppose 3*d - b = 31. What are the prime factors of d?
53
Suppose -3*i - u = -74195, -34*i + 74180 = -31*i - 2*u. What are the prime factors of i?
2, 5, 2473
Let z = -130 + 134. Suppose 12 = 4*y - z. List the prime factors of y.
2
Let w(h) = -3*h**2 + 20*h + 36. Let i(y) = y**2 - 7*y - 12. Let u(f) = 17*i(f) + 6*w(f). Let k be u(-6). What are the prime factors of (-14 - 1)*k/18?
5
Suppose -4*z - 802 = -82. Let x = 577 - z. What are the prime factors of x?
757
Suppose 2*m - 4*r = -96, 0 = 4*r + r + 15. List the prime factors of m/(-243) + (-33042)/(-27).
2, 3, 17
List the prime factors of ((-7623)/2 + (0 - -1))/((-3)/6).
7621
Let k = -56 - -60. Suppose -4*r + 4*w = 0, -w + 31 - 1 = 5*r. Suppose r*b + 164 = k*n, -2*b + 4 + 96 = 3*n. List the prime factors of n.
2, 3
Suppose 6*v - 8*v = s - 5365, -7*s - 4*v = -37525. What are the prime factors of s?
23, 233
Let p = -49740 + 103183. List the prime factors of p.
13, 4111
Let d = -85 + 111. Suppose 3*m + d = 4*v, 13*m + 10 = 8*m. Suppose -107 - 23 = -v*z. What are the prime factors of z?
2, 13
Let f(l) = -1845*l + 1143. What are the prime factors of f(-8)?
3, 19, 31
Let g(a) = 32*a**2 + 3*a - 8. Let l be g(-4). What are the prime factors of 224/(-21)*l/(-16)?
2, 41
Suppose 3*o - 33783 = 3*x, -5*o = o + 5*x - 67533. List the prime factors of o.
2, 13, 433
Let c(d) be the first derivative of -19 - 1/3*d**3 + 27/2*d**2 + 11*d. List the prime factors of c(18).
173
Let b(a) = -4*a + 15*a**2 - 3 + 7*a**2 + 37*a**2. Let d be b(-1). List the prime factors of (d/100)/(2/90).
3
Suppose 4*o - 4079 = -3*c + 70377, -2*o + 37228 = -3*c. What are the prime factors of o?
2, 41, 227
Let q = -1 + 5. Let o(u) be the second derivative of 37*u**3/6 - 9*u**2 - 7*u - 27. What are the prime factors of o(q)?
2, 5, 13
Suppose -110066 = -4*o - 2*t, 0 = 89*o - 92*o + 3*t + 82518. What are the prime factors of o?
3, 1019
Suppose 0 = -3*d + 2*d - s + 71, -3*s = 5*d - 363. Let u = d + -66. Suppose -u*h + 880 = -245. What are the prime factors of h?
5
Suppose 3*i = z + 14, -7*i = -10*i + 2*z + 19. Suppose -i*w + 360 = -2*q - 30, 5*w - 4*q = 652. List the prime factors of w.
2
Let a =